f 13?
False
Is 1111 a multiple of 20?
False
Is 29 a factor of 986?
True
Is 196 a multiple of 2?
True
Is 188 a multiple of 47?
True
Does 4 divide 47028?
True
Does 79 divide 790?
True
Is 119 a multiple of 65?
False
Is 6 a factor of 197?
False
Is 10 a factor of 134?
False
Does 170 divide 97453?
False
Is 2424 a multiple of 12?
True
Is 51799 a multiple of 17?
True
Does 39 divide 5946?
False
Is 280 a multiple of 14?
True
Is 18301 a multiple of 103?
False
Does 14 divide 212482?
False
Does 61 divide 1524?
False
Is 84906 a multiple of 191?
False
Does 61 divide 1281?
True
Does 10 divide 5961?
False
Does 4 divide 240?
True
Is 19 a factor of 18256?
False
Does 15 divide 1260?
True
Is 497 a multiple of 4?
False
Is 27 a factor of 81?
True
Is 8 a factor of 1616?
True
Does 28 divide 6035?
False
Does 10 divide 58060?
True
Is 81 a factor of 18306?
True
Does 73 divide 1305?
False
Is 103284 a multiple of 38?
True
Is 4680 a multiple of 60?
True
Is 8 a factor of 6968?
True
Does 24 divide 4010?
False
Is 451 a multiple of 5?
False
Is 9053 a multiple of 14?
False
Does 46 divide 4850?
False
Does 15 divide 41603?
False
Does 4 divide 1540?
True
Is 5 a factor of 2040?
True
Does 37 divide 3794?
False
Is 6 a factor of 642?
True
Does 9 divide 45?
True
Is 400 a multiple of 20?
True
Is 83 a factor of 16766?
True
Is 18 a factor of 2234?
False
Is 2378 a multiple of 41?
True
Does 6 divide 52?
False
Does 150 divide 62550?
True
Is 31 a factor of 222?
False
Is 7560 a multiple of 45?
True
Is 120 a factor of 817?
False
Is 23008 a multiple of 55?
False
Is 17020 a multiple of 10?
True
Is 1103 a multiple of 6?
False
Is 322 a multiple of 19?
False
Does 65 divide 5785?
True
Is 9713 a multiple of 170?
False
Does 28 divide 903?
False
Is 6624 a multiple of 69?
True
Is 684 a multiple of 38?
True
Is 27 a factor of 1377?
True
Does 8 divide 479?
False
Is 175 a factor of 15925?
True
Is 12 a factor of 1104?
True
Is 2829 a multiple of 13?
False
Does 26 divide 863?
False
Is 20 a factor of 180?
True
Does 17 divide 66929?
True
Is 4424 a multiple of 8?
True
Does 7 divide 4719?
False
Is 55 a factor of 5928?
False
Is 56 a factor of 3617?
False
Does 49 divide 49733?
False
Does 16 divide 1232?
True
Is 480 a multiple of 79?
False
Does 17 divide 384?
False
Is 9 a factor of 5686?
False
Is 133 a factor of 25492?
False
Is 4 a factor of 2134?
False
Is 13608 a multiple of 19?
False
Is 315 a factor of 29271?
False
Is 6 a factor of 8?
False
Is 1719 a multiple of 11?
False
Does 32 divide 10315?
False
Is 771 a multiple of 40?
False
Does 10 divide 210?
True
Is 110 a factor of 13055?
False
Is 17 a factor of 2408?
False
Does 24 divide 3206?
False
Is 7 a factor of 211?
False
Does 20 divide 18038?
False
Is 49 a factor of 588?
True
Does 14 divide 4218?
False
Is 15 a factor of 88?
False
Is 29322 a multiple of 27?
True
Does 140 divide 145265?
False
Is 24 a factor of 53160?
True
Is 25 a factor of 13106?
False
Is 42836 a multiple of 15?
False
Is 5112 a multiple of 12?
True
Does 26 divide 7896?
False
Is 14 a factor of 1454?
False
Is 26 a factor of 3237?
False
Is 15 a factor of 105?
True
Is 32085 a multiple of 15?
True
Is 952 a multiple of 11?
False
Is 16 a factor of 2035?
False
Is 3088 a multiple of 16?
True
Does 9 divide 134181?
True
Does 9 divide 90?
True
Is 100 a factor of 800?
True
Is 1935 a multiple of 24?
False
Is 3229 a multiple of 16?
False
Does 7 divide 1092?
True
Does 115 divide 5865?
True
Is 68 a factor of 32912?
True
Does 13 divide 22789?
True
Does 3 divide 5673?
True
Is 7687 a multiple of 13?
False
Does 16 divide 468?
False
Is 21165 a multiple of 51?
True
Does 26 divide 23634?
True
Is 272 a multiple of 34?
True
Does 108 divide 3848?
False
Is 9 a factor of 25641?
True
Is 41 a factor of 451?
True
Is 940 a multiple of 47?
True
Does 3 divide 1459?
False
Is 1024 a multiple of 16?
True
Is 29 a factor of 290?
True
Is 3808 a multiple of 7?
True
Does 13 divide 182?
True
Is 37 a factor of 5710?
False
Is 21196 a multiple of 46?
False
Does 95 divide 48831?
False
Does 4 divide 62?
False
Does 16 divide 224?
True
Does 7 divide 189?
True
Is 18 a factor of 1235?
False
Is 176 a multiple of 16?
True
Is 49 a factor of 38808?
True
Does 3 divide 27663?
True
Does 66 divide 676?
False
Does 5 divide 4137?
False
Is 5933 a multiple of 86?
False
Is 2622 a multiple of 5?
False
Is 30 a factor of 1335?
False
Does 14 divide 1297?
False
Is 984 a multiple of 41?
True
Does 14 divide 1377?
False
Does 42 divide 1592?
False
Is 380 a multiple of 14?
False
Is 4 a factor of 1551?
False
Is 6 a factor of 376?
False
Does 32 divide 2728?
False
Is 6035 a multiple of 5?
True
Is 18266 a multiple of 7?
False
Does 25 divide 700?
True
Does 9 divide 17791?
False
Is 13 a factor of 156?
True
Is 2072 a multiple of 6?
False
Is 4840 a multiple of 9?
False
Is 2596 a multiple of 14?
False
Is 10 a factor of 19?
False
Is 45 a factor of 16731?
False
Is 11323 a multiple of 17?
False
Is 77 a factor of 4389?
True
Is 1044 a multiple of 348?
True
Is 8 a factor of 94864?
True
Does 63 divide 315?
True
Does 17 divide 1575?
False
Is 326 a multiple of 42?
False
Does 51 divide 282?
False
Is 10 a factor of 40?
True
Is 706 a multiple of 2?
True
Is 57 a factor of 666?
False
Is 8 a factor of 536?
True
Is 160629 a multiple of 21?
True
Is 3 a factor of 1372?
False
Is 17 a factor of 221?
True
Does 3 divide 4112?
False
Is 3340 a multiple of 63?
False
Is 59 a factor of 7316?
True
Is 10472 a multiple of 136?
True
Is 9485 a multiple of 25?
False
Is 50 a factor of 5472?
False
Is 45945 a multiple of 29?
False
Is 85428 a multiple of 14?
True
Is 887 a multiple of 47?
False
Is 3 a factor of 8?
False
Is 10 a factor of 220?
True
Does 18 divide 5942?
False
Does 25 divide 16177?
False
Does 31 divide 1514?
False
Does 52 divide 18148?
True
Is 14 a factor of 20076?
True
Is 232 a multiple of 8?
True
Is 20 a factor of 4428?
False
Is 29 a factor of 1391?
False
Does 54 divide 216?
True
Is 977 a multiple of 3?
False
Is 3 a factor of 90?
True
Is 15 a factor of 415?
False
Is 25 a factor of 2150?
True
Is 3 a factor of 191?
False
Is 7500 a multiple of 125?
True
Is 732 a multiple of 6?
True
Is 113 a factor of 40680?
True
Is 29750 a multiple of 15?
False
Is 9 a factor of 16765?
False
Is 11 a factor of 1687?
False
Is 13905 a multiple of 17?
False
Is 33 a factor of 265?
False
Is 23 a factor of 93403?
True
Does 25 divide 129250?
True
Does 7 divide 2779?
True
Is 18 a factor of 7535?
False
Is 69 a factor of 7107?
True
Is 16844 a multiple of 18?
False
Does 10 divide 1561?
False
Is 9285 a multiple of 7?
False
Is 253 a factor of 860?
False
Is 75 a multiple of 60?
False
Is 8 a factor of 1824?
True
Is 5771 a multiple of 13?
False
Is 9673 a multiple of 17?
True
Is 47 a factor of 6345?
True
Is 30 a factor of 6909?
False
Is 819 a multiple of 13?
True
Is 407 a multiple of 10?
False
Is 72 a factor of 541?
False
Does 16 divide 2630?
False
Is 28 a factor of 3111?
False
Is 654 a multiple of 25?
False
Is 9 a factor of 205?
False
Is 4 a factor of 3037?
False
Does 29 divide 1943?
True
Is 7604 a multiple of 3?
False
Does 78 divide 15746?
False
Is 13116 a multiple of 14?
False
Is 72 a multiple of 36?
True
Is 150 a multiple of 50?
True
Is 170 a multiple of 5?
True
Is 253 a multiple of 19?
False
Is 19 a factor of 10127?
True
Is 13 a factor of 868?
False
Does 114 divide 2508?
True
Does 46 divide 9382?
False
Is 10 a factor of 2703?
False
Does 33 divide 2739?
True
Is 8 a factor of 464?
True
Does 30 divide 418?
False
Is 24 a factor of 4752?
True
Does 21 divide 1594?
False
Does 10 divide 870?
True
Is 1444 a multiple of 19?
True
Is 327 a factor of 61149?
True
Is 16 a factor of 3712?
True
Does 31 divide 217?
True
Does 117 divide 6552?
True
Is 18801 a multiple of 9?
True
Is 2311 a multiple of 9?
False
Does 11 divide 4872?
False
Is 2666 a multiple of 86?
True
Is 14 a factor of 2716?
True
Does 7 divide 42840?
True
Is 11439 a multiple of 122?
False
Is 23 a factor of 1274?
False
Is 6 a factor of 112?
False
Is 3354 a multiple of 11?
False
Does 45 divide 14634?
False
Is 32 a factor of 6553?
False
Is 248 a multiple of 5?
False
Is 56589 a multiple of 40?
False
Is 273 a factor of 21274?
False
Is 20 a factor of 48672?
False
Does 16 divide 656?
True
Is 6893 a multiple of 118?
False
Does 47 divide 95692?
True
Is 10890 a multiple of 90?
True
Is 56926 a multiple 